{"id":846,"date":"2012-01-14T19:33:09","date_gmt":"2012-01-14T18:33:09","guid":{"rendered":"http:\/\/cpsacquedottofe.it\/wordpress\/?page_id=846"},"modified":"2018-07-18T14:37:32","modified_gmt":"2018-07-18T13:37:32","slug":"visita-ferrara","status":"publish","type":"page","link":"http:\/\/cpsacquedottofe.it\/wordpress\/sede-dove-siamo\/visita-ferrara","title":{"rendered":"Scopri Ferrara"},"content":{"rendered":"<p><b>Ferrara<\/b> (<i>Fr\u00e0ra<\/i> <a href=\"http:\/\/it.wikipedia.org\/wiki\/Aiuto:IPA\">[&#8216;fra:ra]<\/a> in <a href=\"http:\/\/it.wikipedia.org\/wiki\/Dialetto_ferrarese\">dialetto ferrarese<\/a>) \u00e8 un <a href=\"http:\/\/it.wikipedia.org\/wiki\/Comuni_d%27Italia\">comune italiano<\/a> di 131.841 abitanti.<\/p>\n<p>Situata nella bassa pianura emiliana, la <a href=\"http:\/\/it.wikipedia.org\/wiki\/Citt%C3%A0_d%27Italia#Emilia-Romagna\">citt\u00e0<\/a> di Ferrara sorge sulle sponde del <a href=\"http:\/\/it.wikipedia.org\/wiki\/Po_di_Volano\">Po di Volano<\/a> che separa la citt\u00e0 medioevale dal primitivo borgo di San Giorgio e delimita il confine con i nuovi insediamenti contemporanei a sud delle <a href=\"http:\/\/it.wikipedia.org\/wiki\/Mura_di_Ferrara\">mura<\/a>. Ferrara gode di un importante periodo aureo quando nel <a href=\"http:\/\/it.wikipedia.org\/wiki\/Basso_Medioevo\">Basso Medioevo<\/a> e nel <a href=\"http:\/\/it.wikipedia.org\/wiki\/Rinascimento\">Rinascimento<\/a> sotto il governo della famiglia degli <a href=\"http:\/\/it.wikipedia.org\/wiki\/Este\">Este<\/a> viene trasformata in un centro artistico di grande importanza non solo italiano ma anche europeo, arrivando ad ospitare personalit\u00e0 come <a href=\"http:\/\/it.wikipedia.org\/wiki\/Ludovico_Ariosto\">Ludovico Ariosto<\/a> e <a href=\"http:\/\/it.wikipedia.org\/wiki\/Torquato_Tasso\">Torquato Tasso<\/a>, <a href=\"http:\/\/it.wikipedia.org\/wiki\/Niccol%C3%B2_Copernico\">Niccol\u00f2 Copernico<\/a> e <a href=\"http:\/\/it.wikipedia.org\/wiki\/Paracelso\">Paracelso<\/a>, <a href=\"http:\/\/it.wikipedia.org\/wiki\/Andrea_Mantegna\">Andrea Mantegna<\/a> e <a href=\"http:\/\/it.wikipedia.org\/wiki\/Tiziano\">Tiziano<\/a>, <a href=\"http:\/\/it.wikipedia.org\/wiki\/Pico_della_Mirandola\">Pico della Mirandola<\/a> e <a href=\"http:\/\/it.wikipedia.org\/wiki\/Pietro_Bembo\">Pietro Bembo<\/a>&#8230;<em> <\/em><\/p>\n<p><em>(Continua a leggere:\u00a0<a href=\"http:\/\/cpsacquedottofe.it\/wordpress\/wp-content\/uploads\/2012\/01\/SCOPRI-FERRARA.rtf\">SCOPRI FERRARA<\/a>.doc)<\/em><\/p>\n<p>Una panoramica fotografica, realizzata e selezionata da <strong>Francesca Susca<\/strong>, dei principali monumenti e luoghi simbolo della citt\u00e0 che ci ospita: <strong><a href=\"http:\/\/www.ferraraterraeacqua.it\/\">Ferrara<\/a><\/strong>.<\/p>\n<div id='gallery-1' class='gallery galleryid-846 gallery-columns-5 gallery-size-thumbnail'><figure class='gallery-item'>\n\t\t\t<div class='gallery-icon landscape'>\n\t\t\t\t<a href='http:\/\/cpsacquedottofe.it\/wordpress\/wp-content\/uploads\/2012\/01\/1MG_4650-copia.jpg'><img decoding=\"async\" width=\"150\" height=\"150\" src=\"http:\/\/cpsacquedottofe.it\/wordpress\/wp-content\/uploads\/2012\/01\/1MG_4650-copia-150x150.jpg\" class=\"attachment-thumbnail size-thumbnail\" alt=\"\" \/><\/a>\n\t\t\t<\/div><\/figure><figure class='gallery-item'>\n\t\t\t<div class='gallery-icon landscape'>\n\t\t\t\t<a href='http:\/\/cpsacquedottofe.it\/wordpress\/wp-content\/uploads\/2012\/01\/2MG_4650-copia.jpg'><img decoding=\"async\" width=\"150\" height=\"150\" src=\"http:\/\/cpsacquedottofe.it\/wordpress\/wp-content\/uploads\/2012\/01\/2MG_4650-copia-150x150.jpg\" class=\"attachment-thumbnail size-thumbnail\" alt=\"\" \/><\/a>\n\t\t\t<\/div><\/figure><figure class='gallery-item'>\n\t\t\t<div class='gallery-icon landscape'>\n\t\t\t\t<a href='http:\/\/cpsacquedottofe.it\/wordpress\/wp-content\/uploads\/2012\/01\/3MG_4650-copia.jpg'><img decoding=\"async\" width=\"150\" height=\"150\" src=\"http:\/\/cpsacquedottofe.it\/wordpress\/wp-content\/uploads\/2012\/01\/3MG_4650-copia-150x150.jpg\" class=\"attachment-thumbnail size-thumbnail\" alt=\"\" \/><\/a>\n\t\t\t<\/div><\/figure><figure class='gallery-item'>\n\t\t\t<div class='gallery-icon landscape'>\n\t\t\t\t<a href='http:\/\/cpsacquedottofe.it\/wordpress\/wp-content\/uploads\/2012\/01\/MG_4650-copia.jpg'><img loading=\"lazy\" decoding=\"async\" width=\"150\" height=\"150\" src=\"http:\/\/cpsacquedottofe.it\/wordpress\/wp-content\/uploads\/2012\/01\/MG_4650-copia-150x150.jpg\" class=\"attachment-thumbnail size-thumbnail\" alt=\"\" \/><\/a>\n\t\t\t<\/div><\/figure><figure class='gallery-item'>\n\t\t\t<div class='gallery-icon landscape'>\n\t\t\t\t<a href='http:\/\/cpsacquedottofe.it\/wordpress\/wp-content\/uploads\/2012\/01\/Panoramica-Ferrara.jpg'><img loading=\"lazy\" decoding=\"async\" width=\"150\" height=\"150\" src=\"http:\/\/cpsacquedottofe.it\/wordpress\/wp-content\/uploads\/2012\/01\/Panoramica-Ferrara-150x150.jpg\" class=\"attachment-thumbnail size-thumbnail\" alt=\"\" \/><\/a>\n\t\t\t<\/div><\/figure>\n\t\t<\/div>\n\n<p>&nbsp;<\/p>\n<p>&nbsp;<\/p>\n<p style=\"text-align: right;\">Last edited by admin on 19\/03\/2014<\/p>\n","protected":false},"excerpt":{"rendered":"<p>Ferrara (Fr\u00e0ra [&#8216;fra:ra] in dialetto ferrarese) \u00e8 un comune italiano di 131.841 abitanti. Situata nella bassa pianura emiliana, la citt\u00e0 di Ferrara [&hellip;]<\/p>\n","protected":false},"author":3,"featured_media":0,"parent":48,"menu_order":0,"comment_status":"open","ping_status":"closed","template":"sidebar-page.php","meta":{"_lmt_disableupdate":"","_lmt_disable":"","_monsterinsights_skip_tracking":false,"_monsterinsights_sitenote_active":false,"_monsterinsights_sitenote_note":"","_monsterinsights_sitenote_category":0,"footnotes":""},"class_list":["post-846","page","type-page","status-publish","hentry"],"aioseo_notices":[],"_links":{"self":[{"href":"http:\/\/cpsacquedottofe.it\/wordpress\/wp-json\/wp\/v2\/pages\/846","targetHints":{"allow":["GET"]}}],"collection":[{"href":"http:\/\/cpsacquedottofe.it\/wordpress\/wp-json\/wp\/v2\/pages"}],"about":[{"href":"http:\/\/cpsacquedottofe.it\/wordpress\/wp-json\/wp\/v2\/types\/page"}],"author":[{"embeddable":true,"href":"http:\/\/cpsacquedottofe.it\/wordpress\/wp-json\/wp\/v2\/users\/3"}],"replies":[{"embeddable":true,"href":"http:\/\/cpsacquedottofe.it\/wordpress\/wp-json\/wp\/v2\/comments?post=846"}],"version-history":[{"count":6,"href":"http:\/\/cpsacquedottofe.it\/wordpress\/wp-json\/wp\/v2\/pages\/846\/revisions"}],"predecessor-version":[{"id":3715,"href":"http:\/\/cpsacquedottofe.it\/wordpress\/wp-json\/wp\/v2\/pages\/846\/revisions\/3715"}],"up":[{"embeddable":true,"href":"http:\/\/cpsacquedottofe.it\/wordpress\/wp-json\/wp\/v2\/pages\/48"}],"wp:attachment":[{"href":"http:\/\/cpsacquedottofe.it\/wordpress\/wp-json\/wp\/v2\/media?parent=846"}],"curies":[{"name":"wp","href":"https:\/\/api.w.org\/{rel}","templated":true}]}}